{"id":3680,"date":"2019-09-24T09:51:24","date_gmt":"2019-09-24T07:51:24","guid":{"rendered":"https:\/\/hljn.sirius.uberspace.de\/wordpress\/?page_id=3680"},"modified":"2021-10-18T15:02:01","modified_gmt":"2021-10-18T13:02:01","slug":"modelle","status":"publish","type":"page","link":"https:\/\/hljn.uber.space\/wordpress\/de\/modelle\/","title":{"rendered":"Modelle"},"content":{"rendered":"\n<div class=\"wp-block-image\"><figure class=\"alignleft is-resized\"><img loading=\"lazy\" decoding=\"async\" src=\"https:\/\/hljn.sirius.uberspace.de\/wordpress\/wp-content\/uploads\/2020\/02\/Bestand.jpg\" alt=\"\" class=\"wp-image-3778\" width=\"300\" height=\"217\" srcset=\"https:\/\/hljn.uber.space\/wordpress\/wp-content\/uploads\/2020\/02\/Bestand.jpg 495w, https:\/\/hljn.uber.space\/wordpress\/wp-content\/uploads\/2020\/02\/Bestand-300x217.jpg 300w, https:\/\/hljn.uber.space\/wordpress\/wp-content\/uploads\/2020\/02\/Bestand-230x166.jpg 230w, https:\/\/hljn.uber.space\/wordpress\/wp-content\/uploads\/2020\/02\/Bestand-350x253.jpg 350w, https:\/\/hljn.uber.space\/wordpress\/wp-content\/uploads\/2020\/02\/Bestand-480x347.jpg 480w\" sizes=\"auto, (max-width: 300px) 100vw, 300px\" \/><\/figure><\/div>\n\n\n\n<p>F\u00fcr die Fortschreibung der Entwicklung von Waldbest\u00e4nden werden Modelle ben\u00f6tigt. Sehr einfache Modelle sind Ertragstafeln, die seit vielen Jahren erfolgreich f\u00fcr die Bewirtschaftung, die nachhaltige Hiebssatzplanung und in der Waldbewertung eingesetzt werden. Mit der Forderung nach mehr Mischbest\u00e4nden wurden Anfang  1990 Modelle entwickelt, die die Entwicklung von Einzelb\u00e4umen beschreiben und mit denen sich nahezu f\u00fcr jede Mischung und jede Waldstruktur das Wachstum beschreiben l\u00e4sst.<\/p>\n\n\n\n<hr>\n\n\n\n<p>Beratungsangebot:<\/p>\n\n\n\n<ul class=\"wp-block-list\"><li>Kalibrierung und  Anwendung von Modellen <\/li><li>Entwicklung von Modellen und Ertragstafeln<\/li><li>Bereitstellung von  Ertragstafeln aus meiner digitalen Sammlung<\/li><li>Hilfe bei der Anwendung von Modellen.<\/li><\/ul>\n\n\n\n<p><br><\/p>\n","protected":false},"excerpt":{"rendered":"<p>F\u00fcr die Fortschreibung der Entwicklung von Waldbest\u00e4nden werden Modelle ben\u00f6tigt. Sehr einfache Modelle sind Ertragstafeln, die seit vielen Jahren erfolgreich f\u00fcr die Bewirtschaftung, die nachhaltige Hiebssatzplanung und in der Waldbewertung eingesetzt werden. Mit der Forderung nach mehr Mischbest\u00e4nden wurden Anfang 1990 Modelle entwickelt, die die Entwicklung von Einzelb\u00e4umen beschreiben und mit denen sich nahezu f\u00fcr [&hellip;]<\/p>\n","protected":false},"author":1,"featured_media":0,"parent":0,"menu_order":0,"comment_status":"closed","ping_status":"closed","template":"","meta":{"footnotes":""},"class_list":["post-3680","page","type-page","status-publish","hentry"],"_links":{"self":[{"href":"https:\/\/hljn.uber.space\/wordpress\/wp-json\/wp\/v2\/pages\/3680","targetHints":{"allow":["GET"]}}],"collection":[{"href":"https:\/\/hljn.uber.space\/wordpress\/wp-json\/wp\/v2\/pages"}],"about":[{"href":"https:\/\/hljn.uber.space\/wordpress\/wp-json\/wp\/v2\/types\/page"}],"author":[{"embeddable":true,"href":"https:\/\/hljn.uber.space\/wordpress\/wp-json\/wp\/v2\/users\/1"}],"replies":[{"embeddable":true,"href":"https:\/\/hljn.uber.space\/wordpress\/wp-json\/wp\/v2\/comments?post=3680"}],"version-history":[{"count":0,"href":"https:\/\/hljn.uber.space\/wordpress\/wp-json\/wp\/v2\/pages\/3680\/revisions"}],"wp:attachment":[{"href":"https:\/\/hljn.uber.space\/wordpress\/wp-json\/wp\/v2\/media?parent=3680"}],"curies":[{"name":"wp","href":"https:\/\/api.w.org\/{rel}","templated":true}]}}